{"version":"1.0","provider_name":"IFN","provider_url":"https:\/\/ifamnews.com\/de","author_name":"IFN English","author_url":"https:\/\/ifamnews.com\/de\/author\/ifamnews-staff","title":"Euthanasie in Kanada wird immer kommerzialisierter","type":"rich","width":600,"height":338,"html":"<blockquote class=\"wp-embedded-content\" data-secret=\"pZXYiLZMws\"><a href=\"https:\/\/ifamnews.com\/de\/euthanasie-in-kanada-wird-immer-kommerzialisierter\">Euthanasie in Kanada wird immer kommerzialisierter<\/a><\/blockquote><iframe sandbox=\"allow-scripts\" security=\"restricted\" src=\"https:\/\/ifamnews.com\/de\/euthanasie-in-kanada-wird-immer-kommerzialisierter\/embed#?secret=pZXYiLZMws\" width=\"600\" height=\"338\" title=\"&#8222;Euthanasie in Kanada wird immer kommerzialisierter&#8220; &#8211; IFN\" data-secret=\"pZXYiLZMws\" frameborder=\"0\" marginwidth=\"0\" marginheight=\"0\" scrolling=\"no\" class=\"wp-embedded-content\"><\/iframe><script type=\"text\/javascript\">\n\/* <![CDATA[ *\/\n\/*! This file is auto-generated *\/\n!function(d,l){\"use strict\";l.querySelector&&d.addEventListener&&\"undefined\"!=typeof URL&&(d.wp=d.wp||{},d.wp.receiveEmbedMessage||(d.wp.receiveEmbedMessage=function(e){var t=e.data;if((t||t.secret||t.message||t.value)&&!\/[^a-zA-Z0-9]\/.test(t.secret)){for(var s,r,n,a=l.querySelectorAll('iframe[data-secret=\"'+t.secret+'\"]'),o=l.querySelectorAll('blockquote[data-secret=\"'+t.secret+'\"]'),c=new RegExp(\"^https?:$\",\"i\"),i=0;i<o.length;i++)o[i].style.display=\"none\";for(i=0;i<a.length;i++)s=a[i],e.source===s.contentWindow&&(s.removeAttribute(\"style\"),\"height\"===t.message?(1e3<(r=parseInt(t.value,10))?r=1e3:~~r<200&&(r=200),s.height=r):\"link\"===t.message&&(r=new URL(s.getAttribute(\"src\")),n=new URL(t.value),c.test(n.protocol))&&n.host===r.host&&l.activeElement===s&&(d.top.location.href=t.value))}},d.addEventListener(\"message\",d.wp.receiveEmbedMessage,!1),l.addEventListener(\"DOMContentLoaded\",function(){for(var e,t,s=l.querySelectorAll(\"iframe.wp-embedded-content\"),r=0;r<s.length;r++)(t=(e=s[r]).getAttribute(\"data-secret\"))||(t=Math.random().toString(36).substring(2,12),e.src+=\"#?secret=\"+t,e.setAttribute(\"data-secret\",t)),e.contentWindow.postMessage({message:\"ready\",secret:t},\"*\")},!1)))}(window,document);\n\/\/# sourceURL=https:\/\/ifamnews.com\/wp-includes\/js\/wp-embed.min.js\n\/* ]]> *\/\n<\/script>\n","thumbnail_url":"https:\/\/ifamnews.com\/wp-content\/uploads\/2022\/12\/Prof.-Bogdan-Chazan.jpg","thumbnail_width":1200,"thumbnail_height":800,"description":"Eine renommierte Anti-Euthanasie-Gruppe hat sich sehr besorgt \u00fcber die Kommerzialisierung der Euthanasie in Kanada ge\u00e4u\u00dfert, insbesondere nach Berichten \u00fcber ein Bestattungsunternehmen in Quebec, das 700 Dollar f\u00fcr einen privaten Raum zur Durchf\u00fchrung von medizinischer Sterbehilfe (MAiD) verlangt"}

Eine renommierte Anti-Euthanasie-Gruppe hat sich sehr besorgt über die Kommerzialisierung der Euthanasie in Kanada geäußert, insbesondere nach Berichten über ein Bestattungsunternehmen in Quebec, das 700 Dollar für einen privaten Raum zur Durchführung von medizinischer Sterbehilfe (MAiD) verlangt
